uppose 5*a + 1 = 4*j - 0*a, 2*j + 2*a - 14 = 0. Suppose 16 = 2*u + 2*q, -u + j*q + 0*q = -18. Calculate the remainder when g is divided by u.
9
Calculate the remainder when 17 is divided by (-24)/16 + (-46)/(-4).
7
Let k(s) = s - 26*s**3 + 4 - 4. Calculate the remainder when k(-1) is divided by 9.
7
Let u be -12*(5/2 - 1). Let d = u + 32. Calculate the remainder when d is divided by 8.
6
What is the remainder when 14 is divided by 1/(2/12) + 2?
6
Let j be (-1 - 0)*(-6)/1. What is the remainder when 9 is divided by (1 - 0) + -2 + j?
4
Let y = 24 + 3. What is the remainder when y is divided by 7?
6
Let n(a) = a**3 - a**2. Let l be n(1). Suppose 3*r - 6 - 39 = l. Calculate the remainder when r + (-6)/((-6)/2) is divided by 6.
5
Suppose 12*t - 22 = 10*t. What is the remainder when 31 is divided by t?
9
Suppose -4 = y - 3. Let g = 5 + y. What is the remainder when 13 is divided by g?
1
Let y(s) = s + 5. Let i(z) = 4 - 11 - 2*z + 6*z. Calculate the remainder when i(8) is divided by y(4).
7
Let w = -3 + 3. Suppose 3*v = -w*v + 54. Calculate the remainder when v is divided by 10.
8
Let d(b) = -b**2 + 10*b - 8. Calculate the remainder when -2 + (1 - (-1 - 2)) is divided by d(9).
0
Suppose -h - 2*l + 18 = 0, 4*l + 8 = -8. What is the remainder when 51 is divided by h?
25
Let k = 35 + -7. Suppose 2*z + 6 = 36. Calculate the remainder when k is divided by z.
13
Let r(l) = -18*l + 1. Let q = -5 - -44. Suppose -2*i = -5*i + q. Calculate the remainder when r(-2) is divided by i.
11
Suppose 0 = -2*c - 12 + 252. Suppose u + 2*a - 96 = -3*u, 5*u - a = c. Calculate the remainder when u is divided by 13.
11
Suppose -145 - 73 = -3*l - 2*g, -2*l + 2*g + 142 = 0. Suppose 5*j - l = -2. Calculate the remainder when j is divided by 4.
2
Let b = 3 - 16. Let r(v) = v**2 + 10*v - 16. What is the remainder when r(b) is divided by 13?
10
Let m be 3/(-6)*(0 + -4). Calculate the remainder when 274/10 - m/5 is divided by 10.
7
Suppose -n + 25 = -0*n. Suppose 0 = 2*t + x - 23, -3*t + 2*x = -2*t + 1. Calculate the remainder when n is divided by t.
7
Suppose -5*j + 49 = -1. Suppose 0 = -4*x - c + 147, -5*c = 4 + 1. Calculate the remainder when x is divided by j.
7
Suppose -v = v + 4. Let y(a) = -a**3 + 3*a**2 + 2*a + 2. Let h be y(v). Let s = -13 + h. What is the remainder when 14 is divided by s?
4
Suppose 4*f + 3*w - 85 = -2*w, -5*f = -2*w - 131. What is the remainder when 99 is divided by f?
24
Let w be 3 - ((-3)/3 - 2). Let t(r) = -r + 8. What is the remainder when 4 is divided by t(w)?
0
Let v(r) = r**3 - r**2 + 1. Let w(m) = 4*m**3 + 2*m**2 - 2*m + 6. Let u(f) = -3*v(f) + w(f). Calculate the remainder when 106 is divided by u(-4).
25
Let g be 2/(-6) - 110/30. Let x be (-4)/(-10) + g/10. Let b = 32 - x. What is the remainder when b is divided by 17?
15
Let j = 0 + 4. Suppose 726 = j*g - 3*i, 0*g - 3*g + 4*i = -548. Suppose -3*z + 2*a = -103, -4*z + 3*a + g = 44. What is the remainder when z is divided by 13?
11
Let k(c) = -c**3 + 5*c**2 + 7*c - 7. Let z be k(6). Let v(a) = -2*a. Calculate the remainder when 5 is divided by v(z).
1
Let u(o) = o + 26. Suppose -d + 7 = -4*s, 5*d + 0*d - 3*s - 18 = 0. Let b(m) = -m**2 + 3*m. Let g be b(d). Calculate the remainder when 76 is divided by u(g).
24
Suppose 0*x = -2*x - p + 10, 4*x - 5*p - 20 = 0. Suppose 3*w + 4 + x = 0. What is the remainder when (-30)/4*2/w is divided by 3?
2
Let g = 26 + 22. Calculate the remainder when g is divided by 25.
23
Suppose 5*c - 15 - 30 = 3*z, 5*c + 4*z - 10 = 0. Let d = c - 3. What is the remainder when d is divided by 1?
0
Suppose 2*k - c = -2 - 3, 3*k + 4*c = 20. Let p(y) = 3*y - 6 - y + k*y. Calculate the remainder when p(4) is divided by 1.
0
Suppose 0 = -9*v + 488 + 583. What is the remainder when v is divided by 41?
37
Let j = 12 + 5. Let f = 159 - 92. Calculate the remainder when f is divided by j.
16
Let u(i) be the third derivative of i**6/120 - i**5/30 - i**4/24 + i**3/3 + 8*i**2. What is the remainder when 23 is divided by u(3)?
7
Let o(l) = -14*l - 1. What is the remainder when 50 is divided by o(-1)?
11
Let j(n) = n + 10. Let x be j(-6). Calculate the remainder when 12/8 - (-110)/x is divided by 15.
14
Let u = -23 + 40. Calculate the remainder when u is divided by 6.
5
Let f = 70 - -15. Let u = f + -45. Suppose -3*q + 0 = -42. What is the remainder when u is divided by q?
12
What is the remainder when (-104)/(-5) - ((-24)/20 + 1) is divided by 8?
5
Let a = -77 + 118. Calculate the remainder when a is divided by 14.
13
Let t = -37 - -41. Calculate the remainder when 38 is divided by t.
2
Suppose 0 = -b + 41 + 4. Suppose h = -4*m + b, -15 = -h + m + 5. Suppose -2*p + 151 = v, v = 3*p + 3*v - 229. What is the remainder when p is divided by h?
23
Let g be (24/(-18))/((-2)/15). Suppose g - 34 = -2*o. What is the remainder when (-263)/(-9) + o/(-54) is divided by 15?
14
Let s(i) = -182*i - 1. Let j be s(-1). Suppose 87 + j = 4*w. What is the remainder when w is divided by 17?
16
Suppose 2*a = -0*a + 8. Calculate the remainder when (-26 + 2)*a/(-3) is divided by 11.
10
Let c(k) = 11*k**2 - 5*k + 5. Calculate the remainder when 38 is divided by c(1).
5
Suppose -2*l - 35 = -2*r + 1, l = -2. Calculate the remainder when r is divided by 5.
1
Let r = 16 - 91. Let t = 124 + r. What is the remainder when t is divided by 17?
15
Let b = -5 - -26. Suppose -7 = -4*w + 1. Suppose 0 = t - b + w. Calculate the remainder when t is divided by 10.
9
Suppose 5*f - 32 = f. Suppose -s = -6 - f. Let m = 42 + 12. What is the remainder when m is divided by s?
12
Suppose -50 = -3*t + q, -77 = -3*t - 2*q - 15. Calculate the remainder when 30 is divided by t.
12
Suppose -3*w = -16 - 14. Suppose 0 = r - 5*f + w, -3*r - f = 2*f - 24. Calculate the remainder when ((-40)/15)/((-1)/3) is divided by r.
3
Let n = 59 - 52. Calculate the remainder when 48 is divided by n.
6
Calculate the remainder when (-6)/(-7)*(-154)/(-33) is divided by 4.
0
Suppose -r + 17 = 5*i - 0*r, 0 = 2*i - 3*r. Calculate the remainder when i is divided by (1 + (-2)/3)*3.
0
Suppose -37*x = -41*x + 32. What is the remainder when 39 is divided by x?
7
Suppose -3*c = -c. Suppose 2*k - k - 3 = c. What is the remainder when k is divided by 3?
0
Let y = -57 + 122. Let q = y + -25. Calculate the remainder when q is divided by 21.
19
Suppose 0 = 5*z - 45 - 15. Calculate the remainder when 31 is divided by z.
7
Let l = -117 - -152. Suppose 0*n = -5*n + 90. Calculate the remainder when l is divided by n.
17
Let z be (-1)/2*(0 + -4). Suppose -141 = -5*l - 2*a, 0 = 3*l + l - z*a - 102. What is the remainder when l is divided by 15?
12
Let s = -51 + 31. What is the remainder when 0 + (-2 - s) - -1 is divided by (-4 - -2) + 11 + -2?
5
Let l(j) = 2*j**2 + 2*j + 7. Let c = 155 - 132. What is the remainder when l(6) is divided by c?
22
Let i(x) = -2*x - 9. Calculate the remainder when 33 is divided by i(-15).
12
Suppose -7 = -3*v + 41. Calculate the remainder when 42 is divided by v.
10
Suppose 0*c + 5*s + 28 = 3*c, c = -2*s + 24. Let r = -2 + c. Suppose r = 3*x - x. What is the remainder when 19 is divided by x?
5
Let n(z) = 7*z + 1 - z**2 + 2 - 4*z**2 + 7*z**2. Let q = -10 + 5. What is the remainder when n(q) is divided by 10?
8
Let q = -86 + 131. Let d = 73 - q. Suppose -2*l + 7 = -23. Calculate the remainder when d is divided by l.
13
Let s be -8 - (-2 + 2 + -2). What is the remainder when 5/15 + (-292)/s is divided by 17?
15
Let m(u) = u**3 + 3*u**2 - 2*u - 1. Let j(b) = -b - 8. Let r be j(-5). Calculate the remainder when m(r) is divided by 3.
2
Let v = -1 - -4. What is the remainder when 11 is divided by v?
2
Suppose k - 9 = -g + 2, 5*g - 3*k = 95. Calculate the remainder when g is divided by 7.
2
Suppose 38*p = 40*p - 56. Let o(w) = -w**3 - 5*w**2 + 10*w - 2. What is the remainder when o(-8) is divided by p?
26
Suppose 5*v - 4*i - 120 = -2*i, v - 2*i = 16. Let z(a) = 4*a - 6. Calculate the remainder when v is divided by z(5).
12
Let s = -19 - -17. Let d(o) = -4*o**3 + o**2 - 3*o - 1. What is the remainder when d(s) is divided by ((-7)/3)/((-2)/12)?
13
Let t = 14 + -3. Calculate the remainder when 21 - (50/20 + 1/(-2)) is divided by t.
8
Let y(a) = 9*a + 75. What is the remainder when y(6) is divided by 65?
64
Calculate the remainder when (5/4)/((-11)/(-836)) i